{"id":4634,"date":"2026-04-20T05:23:32","date_gmt":"2026-04-20T03:23:32","guid":{"rendered":"https:\/\/kulturnijiznimesto.cz\/aktuality\/opening-on-july-2-july\/"},"modified":"2026-04-20T05:23:32","modified_gmt":"2026-04-20T03:23:32","slug":"opening-on-july-2-july","status":"publish","type":"aktuality","link":"https:\/\/kulturnijiznimesto.cz\/en\/aktuality\/opening-on-july-2-july\/","title":{"rendered":"Opening on July 2 July"},"content":{"rendered":"<p>We are happy to announce to all our readers that after a long break caused by the COVID-19 epidemic, we are reopening the library on July 2, 2020, at 1 PM. Library services will be available every working Monday and Thursday from 1 PM to 6 PM throughout the summer holidays.<\/p>\n<p>During the forced break, we also prepared a new library logo and purchased new book releases for you, which are eagerly awaiting their first readers.<\/p>\n<p>Both librarians, \u0160\u00e1rka and Katar\u00edn, look forward to seeing you<\/p>\n<p><strong>P.S.<\/strong><\/p>\n<p><strong>If you receive an automatic notification to pay late fees, don&#8217;t worry; it will only be applicable from July 13.<\/strong><\/p>\n","protected":false},"excerpt":{"rendered":"<p>We are happy to announce to all our readers that after a long break caused by the COVID-19 epidemic, we are reopening the library on July 2, 2020, at 1 PM. Library services will be available every working Monday and Thursday from 1 PM to 6 PM throughout the summer holidays. During the forced break, [&hellip;]<\/p>\n","protected":false},"featured_media":4633,"template":"","class_list":["post-4634","aktuality","type-aktuality","status-publish","has-post-thumbnail","hentry"],"acf":[],"_links":{"self":[{"href":"https:\/\/kulturnijiznimesto.cz\/en\/wp-json\/wp\/v2\/aktuality\/4634","targetHints":{"allow":["GET"]}}],"collection":[{"href":"https:\/\/kulturnijiznimesto.cz\/en\/wp-json\/wp\/v2\/aktuality"}],"about":[{"href":"https:\/\/kulturnijiznimesto.cz\/en\/wp-json\/wp\/v2\/types\/aktuality"}],"wp:featuredmedia":[{"embeddable":true,"href":"https:\/\/kulturnijiznimesto.cz\/en\/wp-json\/wp\/v2\/media\/4633"}],"wp:attachment":[{"href":"https:\/\/kulturnijiznimesto.cz\/en\/wp-json\/wp\/v2\/media?parent=4634"}],"curies":[{"name":"wp","href":"https:\/\/api.w.org\/{rel}","templated":true}]}}

<p>We are happy to announce to all our readers that after a long break caused by the COVID-19 epidemic, we are reopening the library on July 2, 2020, at 1 PM. Library services will be available every working Monday and Thursday from 1 PM to 6 PM throughout the summer holidays.</p>
<p>During the forced break, we also prepared a new library logo and purchased new book releases for you, which are eagerly awaiting their first readers.</p>
<p>Both librarians, Šárka and Katarín, look forward to seeing you</p>
<p><strong>P.S.</strong></p>
<p><strong>If you receive an automatic notification to pay late fees, don&#8217;t worry; it will only be applicable from July 13.</strong></p>
