{"id":4759,"date":"2026-04-20T15:29:48","date_gmt":"2026-04-20T13:29:48","guid":{"rendered":"https:\/\/kulturnijiznimesto.cz\/programy\/sunday-fairy-tale-for-children-the-lost-song\/"},"modified":"2026-04-20T15:29:48","modified_gmt":"2026-04-20T13:29:48","slug":"sunday-fairy-tale-for-children-the-lost-song","status":"publish","type":"programy","link":"https:\/\/kulturnijiznimesto.cz\/en\/programy\/sunday-fairy-tale-for-children-the-lost-song\/","title":{"rendered":"Sunday Fairy Tale for Children: The Lost Song"},"content":{"rendered":"<p><span data-contrast=\"auto\">In this musical fairy tale featuring a variety of traditional and non-traditional puppets, we meet Ondra the tailor. He loves to sing while he works and occasionally composes his own songs. He lives happily with his Song in his modest little cottage, but&#8230; One day, the Song decides that the little cottage is no longer enough and sets off into the world in search of fame. There, she meets a powerful wizard and things start to happen&#8230; The fairy tale is suitable for children from 3 years old.<\/span><span data-ccp-props=\"{\"201341983\":0,\"335559739\":0,\"335559740\":240}\"> <\/span><\/p>\n<p><span data-contrast=\"auto\">Cast: Michal Van\u011bk, Zuzka Va\u0148kov\u00e1, and puppets.<\/span><span data-ccp-props=\"{\"201341983\":0,\"335559739\":0,\"335559740\":240}\"> <\/span><\/p>\n","protected":false},"excerpt":{"rendered":"<p>In this musical fairy tale featuring a variety of traditional and non-traditional puppets, we meet Ondra the tailor. He loves to sing while he works and occasionally composes his own songs. He lives happily with his Song in his modest little cottage, but&#8230; One day, the Song decides that the little cottage is no longer [&hellip;]<\/p>\n","protected":false},"featured_media":4758,"template":"","pobocky":[110],"kategorie_programu":[80],"month":[94],"class_list":["post-4759","programy","type-programy","status-publish","has-post-thumbnail","hentry","pobocky-chodov-fortress","kategorie_programu-for-children","month-april"],"acf":[],"_links":{"self":[{"href":"https:\/\/kulturnijiznimesto.cz\/en\/wp-json\/wp\/v2\/programy\/4759","targetHints":{"allow":["GET"]}}],"collection":[{"href":"https:\/\/kulturnijiznimesto.cz\/en\/wp-json\/wp\/v2\/programy"}],"about":[{"href":"https:\/\/kulturnijiznimesto.cz\/en\/wp-json\/wp\/v2\/types\/programy"}],"wp:featuredmedia":[{"embeddable":true,"href":"https:\/\/kulturnijiznimesto.cz\/en\/wp-json\/wp\/v2\/media\/4758"}],"wp:attachment":[{"href":"https:\/\/kulturnijiznimesto.cz\/en\/wp-json\/wp\/v2\/media?parent=4759"}],"wp:term":[{"taxonomy":"pobocky","embeddable":true,"href":"https:\/\/kulturnijiznimesto.cz\/en\/wp-json\/wp\/v2\/pobocky?post=4759"},{"taxonomy":"kategorie_programu","embeddable":true,"href":"https:\/\/kulturnijiznimesto.cz\/en\/wp-json\/wp\/v2\/kategorie_programu?post=4759"},{"taxonomy":"month","embeddable":true,"href":"https:\/\/kulturnijiznimesto.cz\/en\/wp-json\/wp\/v2\/month?post=4759"}],"curies":[{"name":"wp","href":"https:\/\/api.w.org\/{rel}","templated":true}]}}

<p><span data-contrast="auto">In this musical fairy tale featuring a variety of traditional and non-traditional puppets, we meet Ondra the tailor. He loves to sing while he works and occasionally composes his own songs. He lives happily with his Song in his modest little cottage, but&#8230; One day, the Song decides that the little cottage is no longer enough and sets off into the world in search of fame. There, she meets a powerful wizard and things start to happen&#8230; The fairy tale is suitable for children from 3 years old.</span><span data-ccp-props="{"201341983":0,"335559739":0,"335559740":240}"> </span></p>
<p><span data-contrast="auto">Cast: Michal Vaněk, Zuzka Vaňková, and puppets.</span><span data-ccp-props="{"201341983":0,"335559739":0,"335559740":240}"> </span></p>
