{"id":4769,"date":"2026-04-20T14:57:39","date_gmt":"2026-04-20T12:57:39","guid":{"rendered":"https:\/\/kulturnijiznimesto.cz\/programy\/vladimir-mencl-paintings-of-the-czech-countryside\/"},"modified":"2026-04-20T14:57:39","modified_gmt":"2026-04-20T12:57:39","slug":"vladimir-mencl-paintings-of-the-czech-countryside","status":"publish","type":"programy","link":"https:\/\/kulturnijiznimesto.cz\/en\/programy\/vladimir-mencl-paintings-of-the-czech-countryside\/","title":{"rendered":"VLADIM\u00cdR MENCL \u2013 PAINTINGS OF THE CZECH COUNTRYSIDE"},"content":{"rendered":"<p><strong>Vladim\u00edr Mencl 28. 4. 1926 \u2013 14. 2. 2021<\/strong><\/p>\n<p>To mark the 100th anniversary of the birth of Vladim\u00edr Mencl, a resident of Prague\u2019s southern districts, Chodovsk\u00e1 Fortress is exhibiting the works of this versatile artist, musician, painter, and piano virtuoso. He was an associate professor at the Prague Academy of Performing Arts, a member of the Association of Musical Artists and Scientists, and of several fine art associations.  <\/p>\n<p>VLADIM\u00cdR MENCL \u2013 PAINTINGS OF THE CZECH COUNTRYSIDE <\/p>\n<p>A musician and painter \u2013 a combination of two artistic professions that is not common, but quite well-known in history \u2013 was born in \u010cesk\u00e9 Bud\u011bjovice, and his paintings are inspired mainly by the South Bohemian landscape. They have a warm, sensitive character in color and its multifaceted nuances \u2013 as if the sound of the piano, at which Vladim\u00edr Mencl used to sit, penetrates through them. He created a pleasant image of the world that resembles reality, but above all corresponds to the author\u2019s own refined aesthetic.  <\/p>\n<p>He exhibited his works at more than 200 exhibitions both domestically and abroad.<\/p>\n<p>Exhibition curator Mgr. Pavla Va\u0148kov\u00e1 <\/p>\n<p>Admission 100 CZK | 50 CZK (ticket is valid for visiting both galleries at Chodovsk\u00e1 Fortress)<\/p>\n<p>&nbsp;<\/p>\n<p><strong>Guided tour 28. 4. From 6:00 PM with the exhibition curator Mgr. Pavla Va\u0148kov\u00e1 and Vilma Menclov\u00e1. <\/strong><\/p>\n","protected":false},"excerpt":{"rendered":"<p>Vladim\u00edr Mencl 28. 4. 1926 \u2013 14. 2. 2021 To mark the 100th anniversary of the birth of Vladim\u00edr Mencl, a resident of Prague\u2019s southern districts, Chodovsk\u00e1 Fortress is exhibiting the works of this versatile artist, musician, painter, and piano virtuoso. He was an associate professor at the Prague Academy of Performing Arts, a member [&hellip;]<\/p>\n","protected":false},"featured_media":4768,"template":"","pobocky":[110],"kategorie_programu":[81],"month":[94],"class_list":["post-4769","programy","type-programy","status-publish","has-post-thumbnail","hentry","pobocky-chodov-fortress","kategorie_programu-exhibitions","month-april"],"acf":[],"_links":{"self":[{"href":"https:\/\/kulturnijiznimesto.cz\/en\/wp-json\/wp\/v2\/programy\/4769","targetHints":{"allow":["GET"]}}],"collection":[{"href":"https:\/\/kulturnijiznimesto.cz\/en\/wp-json\/wp\/v2\/programy"}],"about":[{"href":"https:\/\/kulturnijiznimesto.cz\/en\/wp-json\/wp\/v2\/types\/programy"}],"wp:featuredmedia":[{"embeddable":true,"href":"https:\/\/kulturnijiznimesto.cz\/en\/wp-json\/wp\/v2\/media\/4768"}],"wp:attachment":[{"href":"https:\/\/kulturnijiznimesto.cz\/en\/wp-json\/wp\/v2\/media?parent=4769"}],"wp:term":[{"taxonomy":"pobocky","embeddable":true,"href":"https:\/\/kulturnijiznimesto.cz\/en\/wp-json\/wp\/v2\/pobocky?post=4769"},{"taxonomy":"kategorie_programu","embeddable":true,"href":"https:\/\/kulturnijiznimesto.cz\/en\/wp-json\/wp\/v2\/kategorie_programu?post=4769"},{"taxonomy":"month","embeddable":true,"href":"https:\/\/kulturnijiznimesto.cz\/en\/wp-json\/wp\/v2\/month?post=4769"}],"curies":[{"name":"wp","href":"https:\/\/api.w.org\/{rel}","templated":true}]}}

VLADIMÍR MENCL – PAINTINGS OF THE CZECH COUNTRYSIDE

<p><strong>Vladimír Mencl 28. 4. 1926 – 14. 2. 2021</strong></p>
<p>To mark the 100th anniversary of the birth of Vladimír Mencl, a resident of Prague’s southern districts, Chodovská Fortress is exhibiting the works of this versatile artist, musician, painter, and piano virtuoso. He was an associate professor at the Prague Academy of Performing Arts, a member of the Association of Musical Artists and Scientists, and of several fine art associations.  </p>
<p>VLADIMÍR MENCL – PAINTINGS OF THE CZECH COUNTRYSIDE </p>
<p>A musician and painter – a combination of two artistic professions that is not common, but quite well-known in history – was born in České Budějovice, and his paintings are inspired mainly by the South Bohemian landscape. They have a warm, sensitive character in color and its multifaceted nuances – as if the sound of the piano, at which Vladimír Mencl used to sit, penetrates through them. He created a pleasant image of the world that resembles reality, but above all corresponds to the author’s own refined aesthetic.  </p>
<p>He exhibited his works at more than 200 exhibitions both domestically and abroad.</p>
<p>Exhibition curator Mgr. Pavla Vaňková </p>
<p>Admission 100 CZK | 50 CZK (ticket is valid for visiting both galleries at Chodovská Fortress)</p>
<p>&nbsp;</p>
<p><strong>Guided tour 28. 4. From 6:00 PM with the exhibition curator Mgr. Pavla Vaňková and Vilma Menclová. </strong></p>

<p>Vladimír Mencl 28. 4. 1926 – 14. 2. 2021 To mark the 100th anniversary of the birth of Vladimír Mencl, a resident of Prague’s southern districts, Chodovská Fortress is exhibiting the works of this versatile artist, musician, painter, and piano virtuoso. He was an associate professor at the Prague Academy of Performing Arts, a member [&hellip;]</p>
